 Let z be p(x). Calculate the greatest common divisor of 16 and z.
16
Let h be (-106)/(-7) + (-3)/21. Calculate the highest common divisor of h and 15.
15
Suppose -184 + 73 = -3*w. Suppose -w = m - 15. Let p = 36 + m. What is the greatest common factor of 21 and p?
7
Let m(d) = -d**3 - 8*d**2 - 3*d - 4. Let t be m(-8). Calculate the greatest common factor of t and 160.
20
Let l(r) = 2*r**2 + r. Let i be l(-1). Suppose 3*z = -z + 5*s + 9, -4*s = 2*z - 24. Suppose 7*x - 4*x = z. Calculate the highest common divisor of x and i.
1
Let i = 6 + -4. Suppose i*r = -3*u, -3*u + 6 = -6*u. Suppose -r*q = -q - 20. What is the greatest common factor of 40 and q?
10
Suppose 0*m - j = -4*m + 92, j = -3*m + 62. Suppose 4*l - 5*q = -3*q + m, -q = 3*l - 9. Let a be (128/20)/(1/5). What is the highest common factor of l and a?
4
Let p(d) = -d**2 - 6*d - 3. Let x be p(-5). Let j = 4 - x. Suppose 2*m + 3*m - 70 = 0. Calculate the highest common factor of m and j.
2
Let p be (9/(-4))/(3/(-200)). Let z = 181 + -111. Suppose -5*v + z = -p. What is the highest common divisor of 110 and v?
22
Let t = -34 - -51. What is the highest common factor of t and 153?
17
Let b be (-1 - (-3 + 1))*-24. Let h = 45 - b. Suppose 2*s + 0*s = 3*c - 38, 4*c + s = h. What is the greatest common divisor of 48 and c?
16
Let a(v) = 3*v**2 - 3. Let r be a(2). Calculate the highest common divisor of 27 and r.
9
Let a be (2/(-4))/((-1)/220). Let b(j) = -j**3 - 5*j**2 + 5*j + 4. Let k be b(-6). What is the greatest common divisor of k and a?
10
Let d = 6 + -8. Let z = 12 - d. Calculate the highest common divisor of z and 28.
14
Let r = 2 - 0. Suppose -h - 12 = -r*h. What is the greatest common divisor of 4 and h?
4
Let w = -79 + 121. Calculate the highest common divisor of w and 21.
21
Suppose 2 = l - 0. Suppose 0*x = -x + l. Suppose -x*m = m - 9. Calculate the greatest common factor of m and 2.
1
Suppose -4*o + 7*o = 27. Calculate the highest common factor of 9 and o.
9
Let g(d) = -d**2 + 2*d - 5. Suppose -5*m - 5 - 15 = 0. Let h be g(m). Let k = -5 - h. What is the greatest common factor of 60 and k?
12
Suppose a - 106 = -4*a - 4*h, -a - 2*h = -26. Let r = 106 - 88. Calculate the greatest common factor of r and a.
18
Let o(h) = 2*h - 2. Let l be o(2). Let j be -5*l*(-8)/5. Let p(r) = 9*r**2 - 1. Let i be p(1). Calculate the greatest common divisor of i and j.
8
Suppose -7 = -5*g + 8. Suppose -w + 44 = g*w. What is the highest common factor of 11 and w?
11
Let j(x) = -x + 3. Let g be j(2). Let u be (-26)/2 - (-2 + 2). Let y = -6 - u. Calculate the greatest common divisor of y and g.
1
Let x(a) be the third derivative of -a**6/120 + 11*a**5/60 - 3*a**4/8 + a**3/3 - 2*a**2. Let r be x(10). What is the greatest common divisor of 8 and r?
4
Let m be 5 - (-24)/(0 + 3). Let c = -71 + 214. What is the highest common factor of c and m?
13
Suppose 111 - 19 = 2*z. What is the greatest common divisor of z and 46?
46
Let b = 76 + -21. Suppose 3*j - i - 29 = 0, -3*j - 5*i + 64 = j. What is the greatest common factor of j and b?
11
Let v be (5 + -1 + -3)/(1/51). Calculate the greatest common divisor of 85 and v.
17
Suppose -60 - 36 = -3*p. Suppose 2*n - 68 = 2*g, -2*n + p = -g - 0*n. Let i = 0 - g. What is the greatest common divisor of i and 24?
12
Suppose 0 = 5*s - 20, -p - 6 = 5*s - 30. What is the highest common divisor of p and 12?
4
Let r be (6/(-4))/(1/(-22)). Calculate the greatest common factor of r and 22.
11
Let o(c) = -c**2 - 7*c - 1. Let a be o(-5). What is the highest common divisor of a and 72?
9
Let g(j) = -4*j + 4. Let h(y) = -y**3 + 7*y**2 - y + 9. Let v be h(7). Suppose 0 = v*u - 5*u - 9. Let k be g(u). What is the greatest common factor of 64 and k?
16
Let x = -14 - -17. Suppose 1 = 2*w - x. Calculate the greatest common factor of w and 22.
2
Suppose 5*f = 4*b + 2 - 117, -3*f = 4*b - 123. What is the highest common factor of 10 and b?
10
Let h be 1/2*(-36)/(-9). Suppose 462 = h*z + z. What is the greatest common factor of 22 and z?
22
Let q = -174 + 258. What is the greatest common divisor of q and 12?
12
Let r = 6 + -3. Let s(l) = 6*l**2 + 3*l - 3. Let j be s(r). Suppose -2*a - 2*a + j = 0. Calculate the greatest common factor of a and 120.
15
Suppose 40 + 6 = 2*r. What is the greatest common factor of r and 69?
23
Let v(i) = -i - 6. Let b be v(-13). Let h = 13 - b. Calculate the highest common divisor of 12 and h.
6
Suppose 5 = k - 10. Calculate the highest common factor of k and 135.
15
Let w = -43 - 16. Let h = w + 91. Suppose -5*k = 14 - 94. What is the highest common factor of k and h?
16
Suppose v = -2*d + 25, 3*v = -4*d - 0 + 53. What is the highest common factor of 121 and d?
11
Let k be 15/10 - 42/(-4). What is the greatest common divisor of k and 60?
12
Let l be (-33)/(-5) - (-10)/25. What is the highest common divisor of l and 7?
7
Let v = 19 - 17. Suppose -2*k + 0*k + v = 0. Calculate the highest common divisor of k and 8.
1
Let n = -15 + 45. What is the greatest common factor of 10 and n?
10
Suppose 0 = 3*p - 0*p + 12. Let i be (-3)/(-12) - 23/p. Calculate the greatest common divisor of i and 66.
6
Suppose -2*w + 26 = -4*h, 0 = 2*w - 0*h - 2*h - 16. Let q(t) = t - 1. Let y be q(w). Let o = 3 - -3. Calculate the greatest common divisor of y and o.
2
Let m(x) = -6*x - 2. Let q be m(-2). Calculate the greatest common factor of 290 and q.
10
Let j = 129 - -207. What is the greatest common factor of 48 and j?
48
Suppose 180 = 5*t - 4*x, -t + 2*x = -x - 36. Suppose 0 = -5*w + 3*h + 435, -w + 2*h = -5*w + 370. Calculate the greatest common divisor of w and t.
18
Let a be ((-525)/14)/((-1)/2). Suppose 0*p - 5*p = -a. Suppose 2*c = -2*c + 12. Calculate the highest common factor of c and p.
3
Suppose v - 27 = -4*a, 5*v - 7*a + 6*a = 30. Calculate the highest common divisor of v and 133.
7
Suppose -12 = -2*q + 4*t, 2*q - 6*q = 5*t + 2. Suppose -12 = -6*l + q*l. Let x = l + 53. Calculate the highest common factor of 7 and x.
7
Let v(x) = 11*x**2 + 6. Let u be v(3). What is the highest common factor of u and 21?
21
Suppose -8 = -2*y - 2*y. Let i be -1 + 3 + 2/y. Suppose 2*d - 80 = -i*d. Calculate the greatest common divisor of d and 24.
8
Suppose 4*u + 11 = 5*p, -5*u - 2*p - 29 = -7. Let r be ((-73)/2)/(2/u). Let y = r + -37. What is the highest common divisor of y and 24?
12
Suppose -125 = -4*y - 49. Let c = 37 + y. Calculate the greatest common factor of c and 7.
7
Let g = 0 + 3. Suppose g*a = -30 + 111. What is the highest common divisor of a and 9?
9
Let j be -2 + 10/2*-1. Let k = j + 9. Suppose -3*m + 54 - 6 = 0. What is the highest common factor of k and m?
2
Suppose -5*l + 387 = 127. Calculate the highest common factor of l and 4.
4
Let z = 11 - 5. What is the highest common factor of z and 54?
6
Suppose -5*w = 3*m - 19, 8 + 15 = 4*w + 5*m. Let c(o) = -2*o**2 - 20*o - 24. Let y be c(-7). Calculate the highest common factor of y and w.
2
Suppose -2*o = -3*z - 0 - 3, -z - 27 = -5*o. Let h = -32 - -80. Calculate the highest common factor of o and h.
6
Let f be (-9)/2*(1 + -3). Let h = -5 + 3. Let w be 3*(h + (-14)/(-6)). Calculate the highest common factor of w and f.
1
Let n(g) = -g**2 - 6*g + 3. Let p be n(-6). Suppose 0 = -2*s + p + 117. Calculate the greatest common factor of 6 and s.
6
Suppose -2*a + 32 = 2*a. Suppose 0 = 4*r - a. Calculate the highest common factor of r and 10.
2
Let j(b) = -b**2 + 6*b + 6. Let c be j(6). Suppose 2*s = n - c*n + 42, n = 3*s - 29. What is the highest common divisor of s and 55?
11
Let n = 8 - 5. Let l(h) = 3*h**2 + h - 2. Let x(d) = d - 1. Let y be x(3). Let p be l(y). What is the highest common factor of p and n?
3
Let v = -4 + 6. Suppose l + 0 = v. Suppose -4*a = -12 - 0, 0 = -3*w - 4*a + 36. What is the highest common divisor of w and l?
2
Let n be 13/26*112/2. Calculate the greatest common factor of n and 224.
28
Let m = 2 - 0. Suppose w + m*p - 128 = -p, 4*w - 4*p - 576 = 0. Calculate the greatest common divisor of w and 14.
14
Let w = 131 - 109. What is the highest common divisor of 4 and w?
2
Let d be (-3)/(-9) - (-94)/6. Suppose -z + 108 = 6*v - 2*v, 4*z - 381 = v. What is the highest common factor of d and z?
16
Let b be (-74)/(-9) + (-8)/36. Suppose 3*q + h + 65 = 5*h, 0 = -q - 2*h - 15. Let a = q - -39. Calculate the highest com